{"id":5785,"date":"2026-02-11T12:16:00","date_gmt":"2026-02-11T11:16:00","guid":{"rendered":"https:\/\/test-cetop.upf.pf\/?page_id=5785"},"modified":"2026-03-17T10:54:34","modified_gmt":"2026-03-17T09:54:34","slug":"actualites-2","status":"publish","type":"page","link":"https:\/\/test-cetop.upf.pf\/?page_id=5785","title":{"rendered":"Actualit\u00e9s"},"content":{"rendered":"\t\t<div data-elementor-type=\"wp-page\" data-elementor-id=\"5785\" class=\"elementor elementor-5785\" data-elementor-post-type=\"page\">\n\t\t\t\t<div class=\"elementor-element elementor-element-580eee7 e-flex e-con-boxed e-con e-parent\" data-id=\"580eee7\" data-element_type=\"container\" data-e-type=\"container\" data-settings=\"{&quot;background_background&quot;:&quot;slideshow&quot;,&quot;background_slideshow_slide_duration&quot;:8000,&quot;background_slideshow_gallery&quot;:[{&quot;id&quot;:4654,&quot;url&quot;:&quot;https:\\\/\\\/test-cetop.upf.pf\\\/wp-content\\\/uploads\\\/2025\\\/11\\\/2.jpg&quot;},{&quot;id&quot;:4653,&quot;url&quot;:&quot;https:\\\/\\\/test-cetop.upf.pf\\\/wp-content\\\/uploads\\\/2025\\\/11\\\/1.jpg&quot;},{&quot;id&quot;:4655,&quot;url&quot;:&quot;https:\\\/\\\/test-cetop.upf.pf\\\/wp-content\\\/uploads\\\/2025\\\/11\\\/3.jpg&quot;},{&quot;id&quot;:4656,&quot;url&quot;:&quot;https:\\\/\\\/test-cetop.upf.pf\\\/wp-content\\\/uploads\\\/2025\\\/11\\\/4.jpg&quot;}],&quot;shape_divider_bottom&quot;:&quot;curve-asymmetrical&quot;,&quot;background_slideshow_loop&quot;:&quot;yes&quot;,&quot;background_slideshow_slide_transition&quot;:&quot;fade&quot;,&quot;background_slideshow_transition_duration&quot;:500}\">\n\t\t\t\t\t<div class=\"e-con-inner\">\n\t\t\t\t<div class=\"elementor-shape elementor-shape-bottom\" aria-hidden=\"true\" data-negative=\"false\">\n\t\t\t<svg xmlns=\"http:\/\/www.w3.org\/2000\/svg\" viewBox=\"0 0 1000 100\" preserveAspectRatio=\"none\">\n\t<path class=\"elementor-shape-fill\" d=\"M0,0c0,0,0,6,0,6.7c0,18,240.2,93.6,615.2,92.6C989.8,98.5,1000,25,1000,6.7c0-0.7,0-6.7,0-6.7H0z\"\/>\n<\/svg>\t\t<\/div>\n\t\t\t\t\t<\/div>\n\t\t\t\t<\/div>\n\t\t<div class=\"elementor-element elementor-element-32b4935 e-con-full e-flex e-con e-parent\" data-id=\"32b4935\" data-element_type=\"container\" data-e-type=\"container\">\n\t\t\t\t<div class=\"elementor-element elementor-element-818ba3e elementor-posts--align-left elementor-grid-3 elementor-grid-tablet-2 elementor-grid-mobile-1 elementor-posts--thumbnail-top elementor-card-shadow-yes elementor-posts__hover-gradient elementor-invisible elementor-widget elementor-widget-posts\" data-id=\"818ba3e\" data-element_type=\"widget\" data-e-type=\"widget\" data-settings=\"{&quot;cards_row_gap&quot;:{&quot;unit&quot;:&quot;px&quot;,&quot;size&quot;:40,&quot;sizes&quot;:[]},&quot;pagination_type&quot;:&quot;numbers_and_prev_next&quot;,&quot;_animation&quot;:&quot;fadeInUp&quot;,&quot;cards_columns&quot;:&quot;3&quot;,&quot;cards_columns_tablet&quot;:&quot;2&quot;,&quot;cards_columns_mobile&quot;:&quot;1&quot;,&quot;cards_row_gap_widescreen&quot;:{&quot;unit&quot;:&quot;px&quot;,&quot;size&quot;:&quot;&quot;,&quot;sizes&quot;:[]},&quot;cards_row_gap_laptop&quot;:{&quot;unit&quot;:&quot;px&quot;,&quot;size&quot;:&quot;&quot;,&quot;sizes&quot;:[]},&quot;cards_row_gap_tablet_extra&quot;:{&quot;unit&quot;:&quot;px&quot;,&quot;size&quot;:&quot;&quot;,&quot;sizes&quot;:[]},&quot;cards_row_gap_tablet&quot;:{&quot;unit&quot;:&quot;px&quot;,&quot;size&quot;:&quot;&quot;,&quot;sizes&quot;:[]},&quot;cards_row_gap_mobile_extra&quot;:{&quot;unit&quot;:&quot;px&quot;,&quot;size&quot;:&quot;&quot;,&quot;sizes&quot;:[]},&quot;cards_row_gap_mobile&quot;:{&quot;unit&quot;:&quot;px&quot;,&quot;size&quot;:&quot;&quot;,&quot;sizes&quot;:[]}}\" data-widget_type=\"posts.cards\">\n\t\t\t\t<div class=\"elementor-widget-container\">\n\t\t\t\t\t\t\t<div class=\"elementor-posts-container elementor-posts elementor-posts--skin-cards elementor-grid\" role=\"list\">\n\t\t\t\t<article class=\"elementor-post elementor-grid-item post-6323 post type-post status-publish format-standard has-post-thumbnail hentry category-actualites category-actualites-publications-recentes\" role=\"listitem\">\n\t\t\t<div class=\"elementor-post__card\">\n\t\t\t\t<a class=\"elementor-post__thumbnail__link\" href=\"https:\/\/test-cetop.upf.pf\/?p=6323\" tabindex=\"-1\" ><div class=\"elementor-post__thumbnail\"><img fetchpriority=\"high\" decoding=\"async\" width=\"759\" height=\"427\" src=\"https:\/\/test-cetop.upf.pf\/wp-content\/uploads\/2026\/04\/IMG-TAHITI-INFOS.jpg\" class=\"attachment-full size-full wp-image-6324\" alt=\"\" \/><\/div><\/a>\n\t\t\t\t<div class=\"elementor-post__text\">\n\t\t\t\t<h3 class=\"elementor-post__title\">\n\t\t\t<a href=\"https:\/\/test-cetop.upf.pf\/?p=6323\" >\n\t\t\t\tFOCUS | Moorea et le tourisme : ce que pensent vraiment ses habitants (Tahiti Infos)\t\t\t<\/a>\n\t\t<\/h3>\n\t\t\t\t<div class=\"elementor-post__excerpt\">\n\t\t\t<p>Tahiti, le 31 mars 2026 &#8211; Une enqu\u00eate men\u00e9e aupr\u00e8s de 489 r\u00e9sidents par une \u00e9quipe de chercheurs du CETOP (UPF), et d&rsquo;universit\u00e9s am\u00e9ricaines (AMU, UHM).<\/p>\n\t\t<\/div>\n\t\t\t\t\t<div class=\"elementor-post__read-more-wrapper\">\n\t\t\n\t\t<a class=\"elementor-post__read-more\" href=\"https:\/\/test-cetop.upf.pf\/?p=6323\" aria-label=\"En savoir plus sur FOCUS | Moorea et le tourisme : ce que pensent vraiment ses habitants (Tahiti Infos)\" tabindex=\"-1\" >\n\t\t\tLire l\u2019article \u00bb\t\t<\/a>\n\n\t\t\t\t\t<\/div>\n\t\t\t\t<\/div>\n\t\t\t\t\t<\/div>\n\t\t<\/article>\n\t\t\t\t<article class=\"elementor-post elementor-grid-item post-5722 post type-post status-publish format-standard has-post-thumbnail hentry category-actualites category-actualites-publications-recentes category-evenements\" role=\"listitem\">\n\t\t\t<div class=\"elementor-post__card\">\n\t\t\t\t<a class=\"elementor-post__thumbnail__link\" href=\"https:\/\/test-cetop.upf.pf\/?p=5722\" tabindex=\"-1\" ><div class=\"elementor-post__thumbnail\"><img decoding=\"async\" width=\"489\" height=\"692\" src=\"https:\/\/test-cetop.upf.pf\/wp-content\/uploads\/2026\/01\/Image1.jpg\" class=\"attachment-full size-full wp-image-5736\" alt=\"\" \/><\/div><\/a>\n\t\t\t\t<div class=\"elementor-post__text\">\n\t\t\t\t<h3 class=\"elementor-post__title\">\n\t\t\t<a href=\"https:\/\/test-cetop.upf.pf\/?p=5722\" >\n\t\t\t\tColloque international \u00ab\u00a0Alimentation et Tourisme Culinaire en Oc\u00e9anie\u00a0\u00bb\t\t\t<\/a>\n\t\t<\/h3>\n\t\t\t\t<div class=\"elementor-post__excerpt\">\n\t\t\t<p>Ce colloque a pour objet d\u2019aborder l\u2019alimentation en Oc\u00e9anie en tant qu\u2019objet de recherche pluridisciplinaire soumis \u00e0 de multiples enjeux et probl\u00e9matiques :<\/p>\n\t\t<\/div>\n\t\t\t\t\t<div class=\"elementor-post__read-more-wrapper\">\n\t\t\n\t\t<a class=\"elementor-post__read-more\" href=\"https:\/\/test-cetop.upf.pf\/?p=5722\" aria-label=\"En savoir plus sur Colloque international \u00ab\u00a0Alimentation et Tourisme Culinaire en Oc\u00e9anie\u00a0\u00bb\" tabindex=\"-1\" >\n\t\t\tLire l\u2019article \u00bb\t\t<\/a>\n\n\t\t\t\t\t<\/div>\n\t\t\t\t<\/div>\n\t\t\t\t\t<\/div>\n\t\t<\/article>\n\t\t\t\t<article class=\"elementor-post elementor-grid-item post-4624 post type-post status-publish format-standard has-post-thumbnail hentry category-actualites category-actualites-publications-recentes category-evenements\" role=\"listitem\">\n\t\t\t<div class=\"elementor-post__card\">\n\t\t\t\t<a class=\"elementor-post__thumbnail__link\" href=\"https:\/\/test-cetop.upf.pf\/?p=4624\" tabindex=\"-1\" ><div class=\"elementor-post__thumbnail\"><img decoding=\"async\" width=\"1630\" height=\"874\" src=\"https:\/\/test-cetop.upf.pf\/wp-content\/uploads\/2025\/11\/Capture-de\u0301cran-2024-11-05-a\u0300-11.28.21.png\" class=\"attachment-full size-full wp-image-4625\" alt=\"\" \/><\/div><\/a>\n\t\t\t\t<div class=\"elementor-post__text\">\n\t\t\t\t<h3 class=\"elementor-post__title\">\n\t\t\t<a href=\"https:\/\/test-cetop.upf.pf\/?p=4624\" >\n\t\t\t\tLes enjeux des jeux\t\t\t<\/a>\n\t\t<\/h3>\n\t\t\t\t<div class=\"elementor-post__excerpt\">\n\t\t\t<p>Ces journe\u0301es d\u2019e\u0301tudes proposent de re\u0301fle\u0301chir aux multiples enjeux se de\u0301ployant autour des e\u0301preuves de surf des Jeux Olympiques de Paris 2024 qui se de\u0301rouleront en Polyne\u0301sie franc\u0327aise<\/p>\n\t\t<\/div>\n\t\t\t\t\t<div class=\"elementor-post__read-more-wrapper\">\n\t\t\n\t\t<a class=\"elementor-post__read-more\" href=\"https:\/\/test-cetop.upf.pf\/?p=4624\" aria-label=\"En savoir plus sur Les enjeux des jeux\" tabindex=\"-1\" >\n\t\t\tLire l\u2019article \u00bb\t\t<\/a>\n\n\t\t\t\t\t<\/div>\n\t\t\t\t<\/div>\n\t\t\t\t\t<\/div>\n\t\t<\/article>\n\t\t\t\t<article class=\"elementor-post elementor-grid-item post-4600 post type-post status-publish format-standard has-post-thumbnail hentry category-actualites category-actualites-publications-recentes category-evenements\" role=\"listitem\">\n\t\t\t<div class=\"elementor-post__card\">\n\t\t\t\t<a class=\"elementor-post__thumbnail__link\" href=\"https:\/\/test-cetop.upf.pf\/?p=4600\" tabindex=\"-1\" ><div class=\"elementor-post__thumbnail\"><img loading=\"lazy\" decoding=\"async\" width=\"1228\" height=\"684\" src=\"https:\/\/test-cetop.upf.pf\/wp-content\/uploads\/2025\/11\/logo-colloque-_0.png\" class=\"attachment-full size-full wp-image-4601\" alt=\"\" \/><\/div><\/a>\n\t\t\t\t<div class=\"elementor-post__text\">\n\t\t\t\t<h3 class=\"elementor-post__title\">\n\t\t\t<a href=\"https:\/\/test-cetop.upf.pf\/?p=4600\" >\n\t\t\t\tInternational conference \u00a0\u00bb Tourism and transitions\u00a0\u00bb &#8211; 2-4 november 2023\t\t\t<\/a>\n\t\t<\/h3>\n\t\t\t\t<div class=\"elementor-post__excerpt\">\n\t\t\t<p>The recent health crisis (COVID-19 pandemic) and geopolitical crisis (war in Ukraine) have accelerated the need for rapid and global transitions to meet the many environmental<\/p>\n\t\t<\/div>\n\t\t\t\t\t<div class=\"elementor-post__read-more-wrapper\">\n\t\t\n\t\t<a class=\"elementor-post__read-more\" href=\"https:\/\/test-cetop.upf.pf\/?p=4600\" aria-label=\"En savoir plus sur International conference \u00a0\u00bb Tourism and transitions\u00a0\u00bb &#8211; 2-4 november 2023\" tabindex=\"-1\" >\n\t\t\tLire l\u2019article \u00bb\t\t<\/a>\n\n\t\t\t\t\t<\/div>\n\t\t\t\t<\/div>\n\t\t\t\t\t<\/div>\n\t\t<\/article>\n\t\t\t\t<article class=\"elementor-post elementor-grid-item post-4556 post type-post status-publish format-standard has-post-thumbnail hentry category-actualites category-actualites-publications-recentes category-evenements\" role=\"listitem\">\n\t\t\t<div class=\"elementor-post__card\">\n\t\t\t\t<a class=\"elementor-post__thumbnail__link\" href=\"https:\/\/test-cetop.upf.pf\/?p=4556\" tabindex=\"-1\" ><div class=\"elementor-post__thumbnail\"><img loading=\"lazy\" decoding=\"async\" width=\"2000\" height=\"1500\" src=\"https:\/\/test-cetop.upf.pf\/wp-content\/uploads\/2025\/11\/UPF_CETOP_Workshop_2022_Mondher-Sylvain_0.jpg\" class=\"attachment-full size-full wp-image-4557\" alt=\"\" \/><\/div><\/a>\n\t\t\t\t<div class=\"elementor-post__text\">\n\t\t\t\t<h3 class=\"elementor-post__title\">\n\t\t\t<a href=\"https:\/\/test-cetop.upf.pf\/?p=4556\" >\n\t\t\t\tWorkshop \u201cRethinking tourism and development in French Polynesia after the pandemic\u201d\t\t\t<\/a>\n\t\t<\/h3>\n\t\t\t\t<div class=\"elementor-post__excerpt\">\n\t\t\t<p>Monday 24 &#038; Tuesday 25 October 2022 \u2013 This practice-based research workshop provided a forum for dialogue between international tourism scholars from Australia, Hawaii and New Zealand, and professionals from the tourism industry in French Polynesia.<\/p>\n\t\t<\/div>\n\t\t\t\t\t<div class=\"elementor-post__read-more-wrapper\">\n\t\t\n\t\t<a class=\"elementor-post__read-more\" href=\"https:\/\/test-cetop.upf.pf\/?p=4556\" aria-label=\"En savoir plus sur Workshop \u201cRethinking tourism and development in French Polynesia after the pandemic\u201d\" tabindex=\"-1\" >\n\t\t\tLire l\u2019article \u00bb\t\t<\/a>\n\n\t\t\t\t\t<\/div>\n\t\t\t\t<\/div>\n\t\t\t\t\t<\/div>\n\t\t<\/article>\n\t\t\t\t<article class=\"elementor-post elementor-grid-item post-4529 post type-post status-publish format-standard has-post-thumbnail hentry category-actualites category-actualites-publications-recentes\" role=\"listitem\">\n\t\t\t<div class=\"elementor-post__card\">\n\t\t\t\t<a class=\"elementor-post__thumbnail__link\" href=\"https:\/\/test-cetop.upf.pf\/?p=4529\" tabindex=\"-1\" ><div class=\"elementor-post__thumbnail\"><img loading=\"lazy\" decoding=\"async\" width=\"1114\" height=\"542\" src=\"https:\/\/test-cetop.upf.pf\/wp-content\/uploads\/2025\/11\/BANDEAU-ACTUALITE-NOUVEAU_page-0001.jpg\" class=\"attachment-full size-full wp-image-4530\" alt=\"\" \/><\/div><\/a>\n\t\t\t\t<div class=\"elementor-post__text\">\n\t\t\t\t<h3 class=\"elementor-post__title\">\n\t\t\t<a href=\"https:\/\/test-cetop.upf.pf\/?p=4529\" >\n\t\t\t\tSemaine de l&rsquo;\u00e9conomie bleue et du tourisme durable 2022 \/ blue economy and sustainable tourism week 2022\t\t\t<\/a>\n\t\t<\/h3>\n\t\t\t\t<div class=\"elementor-post__excerpt\">\n\t\t\t<p>Semaine de l\u2019\u00e9conomie bleue et du tourisme durable 2022 \/ blue economy and sustainable tourism week 2022.<\/p>\n\t\t<\/div>\n\t\t\t\t\t<div class=\"elementor-post__read-more-wrapper\">\n\t\t\n\t\t<a class=\"elementor-post__read-more\" href=\"https:\/\/test-cetop.upf.pf\/?p=4529\" aria-label=\"En savoir plus sur Semaine de l&rsquo;\u00e9conomie bleue et du tourisme durable 2022 \/ blue economy and sustainable tourism week 2022\" tabindex=\"-1\" >\n\t\t\tLire l\u2019article \u00bb\t\t<\/a>\n\n\t\t\t\t\t<\/div>\n\t\t\t\t<\/div>\n\t\t\t\t\t<\/div>\n\t\t<\/article>\n\t\t\t\t<article class=\"elementor-post elementor-grid-item post-4523 post type-post status-publish format-standard has-post-thumbnail hentry category-actualites category-actualites-publications-recentes\" role=\"listitem\">\n\t\t\t<div class=\"elementor-post__card\">\n\t\t\t\t<a class=\"elementor-post__thumbnail__link\" href=\"https:\/\/test-cetop.upf.pf\/?p=4523\" tabindex=\"-1\" ><div class=\"elementor-post__thumbnail\"><img loading=\"lazy\" decoding=\"async\" width=\"800\" height=\"800\" src=\"https:\/\/test-cetop.upf.pf\/wp-content\/uploads\/2025\/11\/logo_cetop_cadre_bleu.png\" class=\"attachment-full size-full wp-image-4524\" alt=\"\" \/><\/div><\/a>\n\t\t\t\t<div class=\"elementor-post__text\">\n\t\t\t\t<h3 class=\"elementor-post__title\">\n\t\t\t<a href=\"https:\/\/test-cetop.upf.pf\/?p=4523\" >\n\t\t\t\t&lsquo;Ia ora na e maeva, Bienvenue sur le site web du CETOP\t\t\t<\/a>\n\t\t<\/h3>\n\t\t\t\t<div class=\"elementor-post__excerpt\">\n\t\t\t<p>Le CETOP (Centre d\u2019Etudes du Tourisme en Oc\u00e9anie-Pacifique) se r\u00e9jouit de pouvoir vous accueillir sur ce site internet consacr\u00e9 \u00e0 l\u2019\u00e9tude du tourisme dans la r\u00e9gion Oc\u00e9anie-Pacifique.<\/p>\n\t\t<\/div>\n\t\t\t\t\t<div class=\"elementor-post__read-more-wrapper\">\n\t\t\n\t\t<a class=\"elementor-post__read-more\" href=\"https:\/\/test-cetop.upf.pf\/?p=4523\" aria-label=\"En savoir plus sur &lsquo;Ia ora na e maeva, Bienvenue sur le site web du CETOP\" tabindex=\"-1\" >\n\t\t\tLire l\u2019article \u00bb\t\t<\/a>\n\n\t\t\t\t\t<\/div>\n\t\t\t\t<\/div>\n\t\t\t\t\t<\/div>\n\t\t<\/article>\n\t\t\t\t<article class=\"elementor-post elementor-grid-item post-4516 post type-post status-publish format-standard has-post-thumbnail hentry category-actualites category-actualites-publications-recentes\" role=\"listitem\">\n\t\t\t<div class=\"elementor-post__card\">\n\t\t\t\t<a class=\"elementor-post__thumbnail__link\" href=\"https:\/\/test-cetop.upf.pf\/?p=4516\" tabindex=\"-1\" ><div class=\"elementor-post__thumbnail\"><img loading=\"lazy\" decoding=\"async\" width=\"2572\" height=\"2112\" src=\"https:\/\/test-cetop.upf.pf\/wp-content\/uploads\/2025\/11\/veille-doc4.jpg\" class=\"attachment-full size-full wp-image-4517\" alt=\"\" \/><\/div><\/a>\n\t\t\t\t<div class=\"elementor-post__text\">\n\t\t\t\t<h3 class=\"elementor-post__title\">\n\t\t\t<a href=\"https:\/\/test-cetop.upf.pf\/?p=4516\" >\n\t\t\t\tN\u00b04 &#8211; S20 | Veille documentaire tourisme &amp; r\u00e9silience\t\t\t<\/a>\n\t\t<\/h3>\n\t\t\t\t<div class=\"elementor-post__excerpt\">\n\t\t\t<p>Retrouvez ici la synth\u00e8se de la semaine du 11 mai 2020 ainsi que trois focus in\u00e9dits.<\/p>\n\t\t<\/div>\n\t\t\t\t\t<div class=\"elementor-post__read-more-wrapper\">\n\t\t\n\t\t<a class=\"elementor-post__read-more\" href=\"https:\/\/test-cetop.upf.pf\/?p=4516\" aria-label=\"En savoir plus sur N\u00b04 &#8211; S20 | Veille documentaire tourisme &amp; r\u00e9silience\" tabindex=\"-1\" >\n\t\t\tLire l\u2019article \u00bb\t\t<\/a>\n\n\t\t\t\t\t<\/div>\n\t\t\t\t<\/div>\n\t\t\t\t\t<\/div>\n\t\t<\/article>\n\t\t\t\t<article class=\"elementor-post elementor-grid-item post-4502 post type-post status-publish format-standard has-post-thumbnail hentry category-actualites category-actualites-publications-recentes\" role=\"listitem\">\n\t\t\t<div class=\"elementor-post__card\">\n\t\t\t\t<a class=\"elementor-post__thumbnail__link\" href=\"https:\/\/test-cetop.upf.pf\/?p=4502\" tabindex=\"-1\" ><div class=\"elementor-post__thumbnail\"><img loading=\"lazy\" decoding=\"async\" width=\"2572\" height=\"2112\" src=\"https:\/\/test-cetop.upf.pf\/wp-content\/uploads\/2025\/11\/veille_doc3.jpg\" class=\"attachment-full size-full wp-image-4503\" alt=\"\" \/><\/div><\/a>\n\t\t\t\t<div class=\"elementor-post__text\">\n\t\t\t\t<h3 class=\"elementor-post__title\">\n\t\t\t<a href=\"https:\/\/test-cetop.upf.pf\/?p=4502\" >\n\t\t\t\tN\u00b03 &#8211; S19 | Veille documentaire tourisme &amp; r\u00e9silience\t\t\t<\/a>\n\t\t<\/h3>\n\t\t\t\t<div class=\"elementor-post__excerpt\">\n\t\t\t<p>Actualit\u00e9s Retrouvez ici la synth\u00e8se de la semaine du 4 mai 2020. Au sommaire pour la semaine du 4 mai<\/p>\n\t\t<\/div>\n\t\t\t\t\t<div class=\"elementor-post__read-more-wrapper\">\n\t\t\n\t\t<a class=\"elementor-post__read-more\" href=\"https:\/\/test-cetop.upf.pf\/?p=4502\" aria-label=\"En savoir plus sur N\u00b03 &#8211; S19 | Veille documentaire tourisme &amp; r\u00e9silience\" tabindex=\"-1\" >\n\t\t\tLire l\u2019article \u00bb\t\t<\/a>\n\n\t\t\t\t\t<\/div>\n\t\t\t\t<\/div>\n\t\t\t\t\t<\/div>\n\t\t<\/article>\n\t\t\t\t<\/div>\n\t\t\n\t\t\t\t<div class=\"e-load-more-anchor\" data-page=\"1\" data-max-page=\"6\" data-next-page=\"https:\/\/test-cetop.upf.pf\/index.php?rest_route=%2Fwp%2Fv2%2Fpages%2F5785&#038;paged=2\"><\/div>\n\t\t\t\t<nav class=\"elementor-pagination\" aria-label=\"Pagination\">\n\t\t\t<span class=\"page-numbers prev\">&laquo; Pr\u00e9c\u00e9dent<\/span>\n<span aria-current=\"page\" class=\"page-numbers current\"><span class=\"elementor-screen-only\">Page<\/span>1<\/span>\n<a class=\"page-numbers\" href=\"https:\/\/test-cetop.upf.pf\/index.php\/?paged=2\"><span class=\"elementor-screen-only\">Page<\/span>2<\/a>\n<a class=\"page-numbers\" href=\"https:\/\/test-cetop.upf.pf\/index.php\/?paged=3\"><span class=\"elementor-screen-only\">Page<\/span>3<\/a>\n<a class=\"page-numbers\" href=\"https:\/\/test-cetop.upf.pf\/index.php\/?paged=4\"><span class=\"elementor-screen-only\">Page<\/span>4<\/a>\n<a class=\"page-numbers\" href=\"https:\/\/test-cetop.upf.pf\/index.php\/?paged=5\"><span class=\"elementor-screen-only\">Page<\/span>5<\/a>\n<a class=\"page-numbers next\" href=\"https:\/\/test-cetop.upf.pf\/index.php?rest_route=%2Fwp%2Fv2%2Fpages%2F5785&#038;paged=2\">Suivant &raquo;<\/a>\t\t<\/nav>\n\t\t\t\t\t\t<\/div>\n\t\t\t\t<\/div>\n\t\t\t\t<\/div>\n\t\t<div class=\"elementor-element elementor-element-08ee55c e-flex e-con-boxed e-con e-parent\" data-id=\"08ee55c\" data-element_type=\"container\" data-e-type=\"container\">\n\t\t\t\t\t<div class=\"e-con-inner\">\n\t\t<div class=\"elementor-element elementor-element-c6aafd6 e-con-full e-flex elementor-invisible e-con e-child\" data-id=\"c6aafd6\" data-element_type=\"container\" data-e-type=\"container\" data-settings=\"{&quot;background_background&quot;:&quot;classic&quot;,&quot;animation&quot;:&quot;fadeIn&quot;}\">\n\t\t\t\t<div class=\"elementor-element elementor-element-5c1ce2c elementor-invisible elementor-widget elementor-widget-image\" data-id=\"5c1ce2c\" data-element_type=\"widget\" data-e-type=\"widget\" data-settings=\"{&quot;_animation&quot;:&quot;fadeInUp&quot;,&quot;_animation_delay&quot;:100}\" data-widget_type=\"image.default\">\n\t\t\t\t\t\t\t\t\t\t\t\t\t\t\t<img loading=\"lazy\" decoding=\"async\" width=\"629\" height=\"718\" src=\"https:\/\/test-cetop.upf.pf\/wp-content\/uploads\/2025\/12\/IMG-ACCUEIL-1.png\" class=\"attachment-full size-full wp-image-5304\" alt=\"\" \/>\t\t\t\t\t\t\t\t\t\t\t\t\t\t\t<\/div>\n\t\t<div class=\"elementor-element elementor-element-a71ea5e e-flex e-con-boxed e-con e-child\" data-id=\"a71ea5e\" data-element_type=\"container\" data-e-type=\"container\">\n\t\t\t\t\t<div class=\"e-con-inner\">\n\t\t\t\t<div class=\"elementor-element elementor-element-5b4b5e2 elementor-widget elementor-widget-heading\" data-id=\"5b4b5e2\" data-element_type=\"widget\" data-e-type=\"widget\" data-widget_type=\"heading.default\">\n\t\t\t\t\t<h2 class=\"elementor-heading-title elementor-size-default\">Une question, un projet, une collaboration ?<\/h2>\t\t\t\t<\/div>\n\t\t\t\t<div class=\"elementor-element elementor-element-a29c1d9 elementor-widget elementor-widget-text-editor\" data-id=\"a29c1d9\" data-element_type=\"widget\" data-e-type=\"widget\" data-widget_type=\"text-editor.default\">\n\t\t\t\t\t\t\t\t\t<p>Le CETOP reste \u00e0 votre \u00e9coute pour toute information, collaboration ou demande de donn\u00e9es.<\/p>\t\t\t\t\t\t\t\t<\/div>\n\t\t\t\t\t<\/div>\n\t\t\t\t<\/div>\n\t\t\t\t<div class=\"elementor-element elementor-element-1a84e45 elementor-mobile-align-center e-transform elementor-widget elementor-widget-button\" data-id=\"1a84e45\" data-element_type=\"widget\" data-e-type=\"widget\" data-settings=\"{&quot;_transform_scale_effect_hover&quot;:{&quot;unit&quot;:&quot;px&quot;,&quot;size&quot;:1.1,&quot;sizes&quot;:[]},&quot;_transform_scale_effect_hover_widescreen&quot;:{&quot;unit&quot;:&quot;px&quot;,&quot;size&quot;:&quot;&quot;,&quot;sizes&quot;:[]},&quot;_transform_scale_effect_hover_laptop&quot;:{&quot;unit&quot;:&quot;px&quot;,&quot;size&quot;:&quot;&quot;,&quot;sizes&quot;:[]},&quot;_transform_scale_effect_hover_tablet_extra&quot;:{&quot;unit&quot;:&quot;px&quot;,&quot;size&quot;:&quot;&quot;,&quot;sizes&quot;:[]},&quot;_transform_scale_effect_hover_tablet&quot;:{&quot;unit&quot;:&quot;px&quot;,&quot;size&quot;:&quot;&quot;,&quot;sizes&quot;:[]},&quot;_transform_scale_effect_hover_mobile_extra&quot;:{&quot;unit&quot;:&quot;px&quot;,&quot;size&quot;:&quot;&quot;,&quot;sizes&quot;:[]},&quot;_transform_scale_effect_hover_mobile&quot;:{&quot;unit&quot;:&quot;px&quot;,&quot;size&quot;:&quot;&quot;,&quot;sizes&quot;:[]}}\" data-widget_type=\"button.default\">\n\t\t\t\t\t\t\t\t\t\t<a class=\"elementor-button elementor-button-link elementor-size-md\" href=\"https:\/\/test-cetop.upf.pf\/?page_id=1952\">\n\t\t\t\t\t\t<span class=\"elementor-button-content-wrapper\">\n\t\t\t\t\t\t<span class=\"elementor-button-icon\">\n\t\t\t\t<svg aria-hidden=\"true\" class=\"e-font-icon-svg e-fas-angle-right\" viewBox=\"0 0 256 512\" xmlns=\"http:\/\/www.w3.org\/2000\/svg\"><path d=\"M224.3 273l-136 136c-9.4 9.4-24.6 9.4-33.9 0l-22.6-22.6c-9.4-9.4-9.4-24.6 0-33.9l96.4-96.4-96.4-96.4c-9.4-9.4-9.4-24.6 0-33.9L54.3 103c9.4-9.4 24.6-9.4 33.9 0l136 136c9.5 9.4 9.5 24.6.1 34z\"><\/path><\/svg>\t\t\t<\/span>\n\t\t\t\t\t\t\t\t\t<span class=\"elementor-button-text\">NOUS CONTACTER<\/span>\n\t\t\t\t\t<\/span>\n\t\t\t\t\t<\/a>\n\t\t\t\t\t\t\t\t<\/div>\n\t\t\t\t<\/div>\n\t\t\t\t\t<\/div>\n\t\t\t\t<\/div>\n\t\t<div class=\"elementor-element elementor-element-32c5cd2 e-con-full e-flex e-con e-parent\" data-id=\"32c5cd2\" data-element_type=\"container\" data-e-type=\"container\" data-settings=\"{&quot;background_background&quot;:&quot;classic&quot;}\">\n\t\t\t\t<\/div>\n\t\t\t\t<\/div>\n\t\t","protected":false},"excerpt":{"rendered":"<p>Une question, un projet, une collaboration ? Le CETOP reste \u00e0 votre \u00e9coute pour toute information, collaboration ou demande de donn\u00e9es. NOUS CONTACTER<\/p>\n","protected":false},"author":2,"featured_media":0,"parent":0,"menu_order":0,"comment_status":"closed","ping_status":"closed","template":"elementor_header_footer","meta":{"footnotes":""},"class_list":["post-5785","page","type-page","status-publish","hentry"],"blocksy_meta":[],"_links":{"self":[{"href":"https:\/\/test-cetop.upf.pf\/index.php?rest_route=\/wp\/v2\/pages\/5785","targetHints":{"allow":["GET"]}}],"collection":[{"href":"https:\/\/test-cetop.upf.pf\/index.php?rest_route=\/wp\/v2\/pages"}],"about":[{"href":"https:\/\/test-cetop.upf.pf\/index.php?rest_route=\/wp\/v2\/types\/page"}],"author":[{"embeddable":true,"href":"https:\/\/test-cetop.upf.pf\/index.php?rest_route=\/wp\/v2\/users\/2"}],"replies":[{"embeddable":true,"href":"https:\/\/test-cetop.upf.pf\/index.php?rest_route=%2Fwp%2Fv2%2Fcomments&post=5785"}],"version-history":[{"count":43,"href":"https:\/\/test-cetop.upf.pf\/index.php?rest_route=\/wp\/v2\/pages\/5785\/revisions"}],"predecessor-version":[{"id":6098,"href":"https:\/\/test-cetop.upf.pf\/index.php?rest_route=\/wp\/v2\/pages\/5785\/revisions\/6098"}],"wp:attachment":[{"href":"https:\/\/test-cetop.upf.pf\/index.php?rest_route=%2Fwp%2Fv2%2Fmedia&parent=5785"}],"curies":[{"name":"wp","href":"https:\/\/api.w.org\/{rel}","templated":true}]}}